rue
Is 8191 prime?
True
Is 88163 a composite number?
True
Is 53477 a composite number?
True
Is 1719143 composite?
False
Is 33547 composite?
False
Is 75365 prime?
False
Is 20849 prime?
True
Is 91229 prime?
True
Is 282221 prime?
True
Is 301141 composite?
False
Is 271517 a prime number?
True
Is 46199 composite?
False
Is 3433 composite?
False
Is 495551 a prime number?
False
Is 16222 composite?
True
Is 5773 prime?
False
Is 122747 prime?
False
Is 1356571 a composite number?
False
Is 169859 a prime number?
True
Is 168617 a prime number?
True
Is 10669 composite?
True
Is 3599717 prime?
False
Is 17846 a prime number?
False
Is 27817 composite?
False
Is 191 a prime number?
True
Is 21647 a prime number?
True
Is 3117 composite?
True
Is 3287 a prime number?
False
Is 1532767 a composite number?
False
Is 6521 a prime number?
True
Is 286883 a composite number?
True
Is 272941 a prime number?
False
Is 831287 prime?
True
Is 241907 a prime number?
True
Is 277783 composite?
True
Is 148351 prime?
False
Is 3137 a composite number?
False
Is 749557 a prime number?
True
Is 116183 composite?
True
Is 578803 composite?
False
Is 60701 composite?
True
Is 101301 prime?
False
Is 1398727 a prime number?
False
Is 6761 prime?
True
Is 13306 composite?
True
Is 38939 composite?
True
Is 28369 a prime number?
False
Is 25891 prime?
False
Is 144407 composite?
False
Is 72379 prime?
True
Is 1979 a composite number?
False
Is 15871 prime?
False
Is 287642 composite?
True
Is 60041 a composite number?
False
Is 29395 prime?
False
Is 15955 a prime number?
False
Is 7177 a prime number?
True
Is 36293 composite?
False
Is 5045 prime?
False
Is 59351 composite?
False
Is 20437 a prime number?
False
Is 877 prime?
True
Is 582151 a prime number?
False
Is 31439 prime?
False
Is 62939 a prime number?
True
Is 3883 a composite number?
True
Is 2899 a prime number?
False
Is 1094371 composite?
False
Is 53399 prime?
False
Is 44017 composite?
False
Is 2019 a composite number?
True
Is 437 composite?
True
Is 460051 composite?
False
Is 72749 composite?
True
Is 173791 composite?
True
Is 23531 a prime number?
True
Is 8269 prime?
True
Is 7993 prime?
True
Is 5207 prime?
False
Is 2129 composite?
False
Is 250361 a composite number?
False
Is 383099 prime?
True
Is 592234 a prime number?
False
Is 538 a composite number?
True
Is 27601 composite?
True
Is 1308427 a prime number?
False
Is 864959 a prime number?
True
Is 189061 prime?
True
Is 323 composite?
True
Is 15611 composite?
True
Is 10291 a composite number?
True
Is 1034549 prime?
True
Is 23251 prime?
True
Is 29135 a prime number?
False
Is 701161 composite?
True
Is 240641 prime?
True
Is 1187 a composite number?
False
Is 291 a prime number?
False
Is 121273 a prime number?
False
Is 54907 a composite number?
False
Is 3946 a prime number?
False
Is 456983 a composite number?
True
Is 222419 prime?
True
Is 433549 composite?
False
Is 3017081 composite?
False
Is 138937 prime?
True
Is 173429 composite?
False
Is 62845 a composite number?
True
Is 4978915 a composite number?
True
Is 126149 a composite number?
True
Is 28009 a prime number?
False
Is 142189 composite?
False
Is 9617 a composite number?
True
Is 186785 a composite number?
True
Is 571681 a prime number?
False
Is 22901 a composite number?
False
Is 123751 prime?
False
Is 10589 prime?
True
Is 654145 a composite number?
True
Is 21137 a prime number?
False
Is 56881 prime?
False
Is 204629 a prime number?
False
Is 23081 prime?
True
Is 14305 composite?
True
Is 250189 a composite number?
True
Is 11657 composite?
False
Is 564991 prime?
False
Is 159097 composite?
False
Is 1691 a prime number?
False
Is 7031 a composite number?
True
Is 1623 a prime number?
False
Is 1441 prime?
False
Is 152871 prime?
False
Is 83029 composite?
True
Is 293 prime?
True
Is 6979 prime?
False
Is 497571 a prime number?
False
Is 5899 composite?
True
Is 4531 composite?
True
Is 44017 composite?
False
Is 36599 composite?
False
Is 98647 a prime number?
False
Is 10937 a prime number?
True
Is 7615 composite?
True
Is 2329 composite?
True
Is 11689 a prime number?
True
Is 194929 prime?
False
Is 47183 prime?
False
Is 5153 prime?
True
Is 10301 a prime number?
True
Is 21587 composite?
False
Is 24137 a prime number?
True
Is 2571571 a composite number?
True
Is 80915 prime?
False
Is 14369 a prime number?
True
Is 107807 a prime number?
False
Is 8002259 prime?
True
Is 159287 prime?
True
Is 14909 a prime number?
False
Is 257113 prime?
False
Is 243679 composite?
True
Is 34927 a prime number?
False
Is 4171 composite?
True
Is 275503 a composite number?
False
Is 4699 a prime number?
False
Is 392141 prime?
False
Is 53549 prime?
True
Is 15986 prime?
False
Is 47877 prime?
False
Is 1646 a composite number?
True
Is 8387 a composite number?
False
Is 199957 a composite number?
True
Is 452759 prime?
True
Is 4443 a prime number?
False
Is 183983 prime?
False
Is 4060217 a composite number?
True
Is 6737017 prime?
False
Is 14369 a prime number?
True
Is 37799 a composite number?
False
Is 4097917 a composite number?
False
Is 57217 composite?
True
Is 144659 composite?
False
Is 18595 a composite number?
True
Is 509581 prime?
True
Is 8147 prime?
True
Is 1326071 prime?
True
Is 1243 a composite number?
True
Is 5998 a composite number?
True
Is 7379 composite?
True
Is 1952481 a composite number?
True
Is 2159 prime?
False
Is 15767 prime?
True
Is 10007 a prime number?
True
Is 16877 composite?
True
Is 221393 a composite number?
False
Is 71401 a composite number?
True
Is 1892369 composite?
True
Is 281023 a composite number?
False
Is 23093 a prime number?
False
Is 1339559 prime?
False
Is 2579 a composite number?
False
Is 52385 a composite number?
True
Is 341129 prime?
False
Is 4111 composite?
False
Is 215261 prime?
True
Is 156911 composite?
True
Is 13523 composite?
False
Is 14267 a composite number?
True
Is 1345 composite?
True
Is 1204007 a composite number?
True
Is 1411637 composite?
False
Is 78107 a prime number?
False
Is 3107 a composite number?
True
Is 178793 composite?
False
Is 14531 a prime number?
False
Is 55733 prime?
True
Is 294427 a composite number?
True
Is 675035 prime?
False
Is 12085 a composite number?
True
Is 23093 a prime number?
False
Is 232331 a prime number?
False
Is 3419141 a composite number?
True
Is 5935 a prime number?
False
Is 220807 a prime number?
True
Is 228143 a composite number?
True
Is 7067 prime?
False
Is 250423 composite?
False
Is 3643 a composite number?
False
Is 1157449 a composite number?
False
Is 33827 prime?
True
Is 164909 composite?
True
Is 439211 prime?
False
Is 298399 a composite number?
False
Is 19563 composite?
True
Is 21662 composite?
True
Is 8287 prime?
True
Is 918743 prime?
False
Is 22433 prime?
True
Is 171829 a prime number?
False
Is 1676869 a prime number?
True
Is 158489 prime?
True
Is 37243 prime?
True
Is 14923 composite?
False
Is 24139 a composite number?
True
Is 29371 a prime number?
False
Is 2832187 a prime number?
True
Is 317437 composite?
False
Is 114679 composite?
False
Is 5403 a composite number?
True
Is 794813 a prime number?
False
Is 29231 a prime number?
True
Is 6467 a prime number?
False
Is 491 prime?
True
Is 1184987 prime?
True
Is 118039 a composite number?
True
Is 15461 a prime number?
True
Is 2291903 a prime number?
True
Is 61961 a composite number?
False
Is 46619 prime?
True
Is 10473 a composite number?
True
Is 366238 a composite number?
True
Is 12895 a prime number?
False
Is 88589 a prime number?
True
Is 171491 prime?
True
Is 7829 composite?
False
Is 91 a composite number?
True
Is 842159 prime?
True
Is 67783 prime?
True
Is 284887 prime?
False
Is 6163 composite?
False
Is 5779 prime?
True
Is 1042 a prime number?
False
Is 9383 prime?
False
Is 316403 a composite number?
False
Is 1278983 a composite number?
False
Is 33137 a prime number?
False
Is 645943 a prime number?
False
Is 16255 a prime number?
False
Is 25693 a composite number?
False
Is 52847 prime?
False
Is 170594 a prime number?
False
Is 5557 a prime number?
True
Is 48943 prime?
False
Is 2299801 prime?
False
Is 702109 prime?
False
Is 38113 a composite number?
False
Is 176603 a composite number?
True
Is 15233 a prime number?
True
Is 1597943 a prime number?
True
Is 206399 a prime number?
True
Is 159077 a composite number?
True
Is 330461 a composite number?
True
Is 1639 a composite number?
True
Is 